 3*l + 948. What is the tens digit of l?
5
Let n(d) = -d**3 + 3*d**2 + 9*d - 16. Let t be n(4). Suppose t*k = k + 180. What is the units digit of k?
0
What is the units digit of (-4)/14 + -11551*(-8)/28?
0
Let v(y) = -21*y**2 - 20 - 11*y**2 + 14*y**2 - 22*y**2 + 12*y. Let c(m) = 13*m**2 - 4*m + 7. Let n(d) = 7*c(d) + 2*v(d). What is the units digit of n(-4)?
1
Let l = 569 + -567. Suppose -3*r = l*o - 2092, 2*o - 2092 = -4*r - r. What is the hundreds digit of o?
0
Let u = 6594 - 6597. Let t be ((-12)/10)/((-1)/(-5)). What is the hundreds digit of ((-8)/u)/(t + 1156/192)?
1
Let n = 35 - 26. Let g be (-3 - (-24)/n)*3. Let j(r) = -63*r + 1. What is the units digit of j(g)?
4
Let b = 62019 + -13311. What is the ten thousands digit of b?
4
Suppose -4*r + 50209 = 3*t, 3*t = -22 + 31. What is the units digit of r?
0
Let y(o) = -45*o - 5 + 11*o + 71*o + 181*o. What is the units digit of y(2)?
1
Let s(c) = -3*c - 59. Let p(k) be the third derivative of 5*k**4/24 + 44*k**3/3 - 26*k**2. Let q(v) = -5*p(v) - 8*s(v). What is the units digit of q(13)?
9
Let a be ((-6)/12)/(-2 + 33/18). Suppose -a*x = 0, -3*x = -3*f - 2*f. What is the units digit of f + (-1 + -1 - -119)?
7
Let z be (-6170)/(-150) - 2/15. Let w = 41 - z. Suppose 3 = -s - w*s, -71 = -c - s. What is the tens digit of c?
7
Suppose 10740*j - 10788*j = -3554400. What is the units digit of j?
0
Let t(o) = 967*o**3 - 4*o**2 + o + 3. What is the tens digit of t(1)?
6
Suppose 38*j = 35*j - 56*j + 773195. What is the tens digit of j?
0
What is the hundreds digit of (-4911)/(-2)*176/33?
0
Suppose 0 = 5*f + a - 29243 - 5543, 0 = -2*f - 2*a + 13924. What is the hundreds digit of f?
9
Let z be 6/(-16) - 408/(-64). What is the hundreds digit of (275/(-2))/((-1)/z)?
8
Let r = 23556 + -8916. Suppose -20*b - r = -35*b. What is the hundreds digit of b?
9
Let z = 6185 - -2866. What is the thousands digit of z?
9
Let g = 24224 + -16112. Suppose 0 = 7*k - k - g. What is the units digit of k?
2
Let o(g) = g**3 - 53 - 50*g**3 + g - g**2 + 15*g**3 + 54 - 59*g**3. Suppose n + 1 = -0. What is the tens digit of o(n)?
9
Suppose 7*u - 89 = -68. Suppose 2*b = -z + 5*z - 2388, -u*b + 2985 = 5*z. What is the units digit of z?
7
What is the units digit of 62752/(-6)*519/(-692)?
4
Suppose -3*y + 0*k + k = -4, -4*y + 12 = 2*k. Let f(d) = d**3 - 4*d**2 + 5*d. Let s be f(y). Suppose -35 + 319 = s*h. What is the tens digit of h?
4
Suppose -8*v + 3573 = -2*b - 3*v, -4*v - 1793 = b. Let d = -1026 - b. What is the units digit of d?
3
Suppose -4*p - 4*k - 40 = 0, -4*p - 10 = -3*p + 5*k. Let d be ((-16)/(-4) - p) + -1. Suppose d*g - 10*g - 240 = 0. What is the units digit of g?
0
Suppose -7*j + 4*j = d - 18896, -3*j = -6. What is the tens digit of d?
9
Let a(q) = 19820*q**3 - 9*q**2 + 10*q - 2. What is the hundreds digit of a(1)?
8
Let s(x) = x**3 + 5*x**2 - 7*x - 4. Let m be s(-6). Suppose -5*r - 1758 = -3*y, -795 = -3*y - m*r + 963. What is the units digit of y?
6
Let k = -1051 + 1808. Let c = k - 408. What is the tens digit of c?
4
Let a(d) = d**3 + 6*d**2 - d - 21. Let f be a(-5). Suppose f*g + g = 3880. What is the units digit of g?
8
What is the thousands digit of (6 - (42 - 13)) + 4917?
4
Suppose -320*s - 69058 = -65255 - 437083. What is the units digit of s?
4
Let l = -45405 + 105951. What is the hundreds digit of l?
5
Let j = 87046 - 14481. What is the units digit of j?
5
Let l = -15148 - -26266. What is the thousands digit of l?
1
Let u = 224 - -15756. What is the hundreds digit of u?
9
Let t(f) = f**3 - 14*f**2 - 7*f + 55. Let j be t(14). Let p = j + 57. What is the units digit of p?
4
Suppose 2859 = 2*t - 5*d, 6331 = 4*t - 3*d + 634. Suppose 2*g = -3*b + 1422, t = 4*g - 2*g + b. What is the units digit of g?
1
Suppose z - 2*v - 232 = 223, -1365 = -3*z + 4*v. What is the units digit of z?
5
Suppose -178*y - 78*y + 20831788 - 3217196 = 0. What is the ten thousands digit of y?
6
Suppose -25*o = -22*o + 2007. Let r = o + 959. What is the tens digit of r?
9
Suppose -414 + 78 = -16*f. Let i(z) = 9*z + 91. What is the hundreds digit of i(f)?
2
Let d = 10758 + -5676. What is the thousands digit of d?
5
Suppose -2678 = -33*l + 1142125. What is the ten thousands digit of l?
3
Suppose 9*u + 65430 - 243597 = 90717. What is the thousands digit of u?
9
Suppose -g + 6791 = -5*z, 3*g - 4*z - 13636 = 6748. What is the thousands digit of g?
6
Let b(j) = -4*j - 31. Let f be b(-9). Suppose -o + f*i = 23, -5*o - i = i - 20. What is the hundreds digit of -3 + o + 4/1 - -227?
2
What is the tens digit of 80/120*3/2*6166?
6
Suppose 3*w - 18 = 0, -52*h = -53*h + 2*w + 4255. What is the hundreds digit of h?
2
What is the hundreds digit of (48848/(-1704))/((-4)/3174)?
7
Let i(g) = -g**2 + 18*g - 33. Let o be i(16). What is the hundreds digit of (237*-8 + o)*44/(-154)?
5
Let k(r) = 505*r + 38. Suppose -15 = -19*l + 4. What is the tens digit of k(l)?
4
Let l(p) = 70*p + 120. Let g be l(-21). Let c = -934 - g. What is the hundreds digit of c?
4
Let q = 2426 + -2635. Suppose 0 = -0*d - d + 351. Let f = d + q. What is the tens digit of f?
4
Suppose -4*g - 2*n = 40, 6 = -2*g - 3*n - 14. Let r(f) = 23*f**2 + 16*f**2 + 12*f**3 + 6 + 5*f - 11*f**3 + 23*f**2 - 50*f**2. What is the tens digit of r(g)?
5
Let j(g) be the first derivative of -g**4/2 - g**3/3 + 3*g**2 + 7*g + 52. What is the units digit of j(-7)?
2
What is the ten thousands digit of 3089554/(-156)*-3 + (-3)/2?
5
Let v = 13045 - 6024. What is the hundreds digit of v?
0
Let r(x) = -64*x + 40. Let q = 281 + -287. What is the units digit of r(q)?
4
Let n = -194 + 206. Suppose 2*x = n - 8, x + 233 = 5*h. What is the units digit of h?
7
Suppose 0 = 174*c - 165307 - 167207. What is the units digit of c?
1
Let v(j) = -12*j + 9. Let h be v(3). Let f = h - -34. Suppose -f*i - 1668 = -13*i. What is the hundreds digit of i?
2
Suppose 9586 = -5*o + 6*o - 907. What is the ten thousands digit of o?
1
Suppose 35*w + 2*g = 32*w + 178221, 0 = -3*g + 27. What is the units digit of w?
1
What is the tens digit of 4/(-10)*(276709/(-34) + 6)?
5
Let i(r) = r - 2*r**3 + 3*r**3 - 2 + 2 - 16. Let q be i(0). Let f = 55 + q. What is the tens digit of f?
3
Suppose -8*q + 9*q + g - 239 = 0, -5*g - 733 = -3*q. Let f = 429 - q. What is the tens digit of f?
8
Let f(k) = k. Let h be f(1). Let z be (-1 + 5)/(116/493). Suppose -p - t + z = -h, p - 14 = 3*t. What is the units digit of p?
7
Suppose 13 + 5 = 6*l. Let v(j) = 9*j + 7*j**2 - 3 + j**l + 5 - 10*j. What is the tens digit of v(-5)?
5
Let s(u) be the first derivative of -u**3 + 3*u + 4. Let n be s(-4). Let x = n - -47. What is the units digit of x?
2
Let c = 232 - 241. What is the units digit of c/15 + 62104/140?
3
Let w(o) be the second derivative of o**5/10 + 11*o**4/12 + 7*o**3/6 + 7*o. Let n(b) be the second derivative of w(b). What is the tens digit of n(3)?
5
Let w(t) = 37*t - 291. Let f be w(8). Suppose -l = f*a - 7230, -4*a + 3*a + 4*l + 1425 = 0. What is the hundreds digit of a?
4
Suppose -4*z + 16574 = 5*u, 15189 - 2745 = 3*z - 3*u. What is the tens digit of z?
4
Let f(s) = 4*s**2 + 20*s + 7. Let c be f(-5). Suppose -4*g - 4 = -5*a, 0 = 2*g - 2*a + c*a - 28. What is the tens digit of -84*(g + 48/(-9))?
1
Let w = 183 - -180. Let v = 60 + -56. Suppose v*y - 13 = w. What is the units digit of y?
4
Suppose r - 57 = 4. Let f = r - 111. Let x = f + 107. What is the tens digit of x?
5
Let d be 5*3/25*5. Suppose d*f + 500 = 3*m - 58, -4 = 2*f. What is the hundreds digit of m?
1
Let w(u) = u**3 - 29*u**2 + 8*u + 117. What is the tens digit of w(32)?
4
Suppose -4*b = -w - 13 - 10, 5*b = -3*w + 33. Let f be b/2*(-20)/(-15) + -2. Suppose i = -2*d - f*i + 163, -198 = -2*d + 4*i. What is the units digit of d?
9
Let r(j) = -j**2 + 14*j - 40. Let d be r(10). Suppose -2*b + d*b + 376 = w, 194 = b + 2*w. What is the hundreds digit of b?
1
Let c = 374 - -338. Suppose -4*w + c = -612. What is the tens digit of w?
3
Suppose 2*d - 716 = -q, 1074 = 3*d - 4*q + 9*q. Suppose -o = -d - 402. What is the tens digit of o?
6
Let q(p) = 7*p - 44 - 8 + 0*p + 20*p - 15. What is the hundreds digit of q(39)?
9
Let g = -1059 + 904. Let y(h) = -28*h - 4. Let j be y(3). Let v = j - g. What is the tens digit of v?
6
Suppose 4*w = q + 11, -12*w + 9*w + 12 = -2*q. What is the tens digit of (3 - w) + (-1332